g*h + 57*h. What is the greatest common factor of r and 252?
84
Suppose 0 = 4*f - 601 - 587. Suppose -f - 99 = -2*v. Suppose 5289 = 363*z - 1245. Calculate the greatest common factor of v and z.
18
Suppose -12*y - 3*a + 291 = -10*y, -760 = -5*y - a. Let k be 12/24*0/1. Suppose -2*b + 37 - 3 = k. Calculate the highest common factor of b and y.
17
Suppose 2*a - 446 = 438. Suppose l - 997 = -3*w - 917, -34 = -w - 4*l. What is the greatest common divisor of w and a?
26
Let s be 692/(-3)*315/(-70). What is the highest common divisor of s and 30?
6
Let i = 121 + -136. Let v be (48/10)/((-2)/i). Calculate the greatest common divisor of v and 198.
18
Let u(s) = -4*s**3 + 6*s**2 + 14*s + 4. Let b be u(-6). Let w be (1*(-7)/5)/((-2)/10). Suppose -3*l + b = w*l. What is the greatest common divisor of l and 10?
10
Let f(m) = -5*m**3 + 5*m**2 - 20*m - 36. Let p be f(-5). Calculate the greatest common divisor of 185 and p.
37
Let a be (-12)/408*-140 - 6/51. Calculate the highest common factor of a and 34.
2
Suppose -26*k = -18*k - 5*q - 99, 0 = 2*k - 4*q - 44. Let x(i) = i**2 + 4*i + 6. Let v be x(-4). What is the highest common divisor of k and v?
2
Suppose -42*r + 15*r + 4914 = -r. Suppose -3*w = 15, 4*o - 65 = -3*w + 4. Calculate the highest common divisor of r and o.
21
Suppose -13*i = -2886 + 1014. What is the highest common divisor of i and 99?
9
Let d = 1135 + -976. Let y be (5 - (-15)/(-5))*212. Calculate the highest common factor of d and y.
53
Let q be (5 + 33/(-6))*(0 - 90). Let y be (q/60)/(2/792). What is the highest common factor of y and 66?
33
Suppose 4*g + 4 = -2*h, -464*h + 468*h - g - 55 = 0. Suppose 4*q = x - 340, 3*q = -4*x + q + 1288. Calculate the greatest common divisor of h and x.
12
Let o be 4/(-9) + (-15)/(1080/243904). Let b be o/(-21) - (-2)/3. Calculate the greatest common factor of b and 6.
6
Suppose 2*v = 4 - 8. Let f be (129/9)/(v/6) + 3. Let y = f + 41. What is the highest common factor of y and 3?
1
Let l(q) be the third derivative of q**5/20 - 3*q**4/4 - 6*q**3 + 139*q**2. Let j be l(9). Suppose 5 = -i + 14. What is the highest common divisor of i and j?
9
Let d(w) = -74*w - 406. Let n be d(-7). Calculate the highest common divisor of n and 98.
14
Let m(b) be the second derivative of 4*b + 0*b**3 + 1/20*b**5 + 7/2*b**2 + 4/3*b**4 + 0. Let j be m(-16). What is the highest common divisor of 63 and j?
7
Let d(n) = n**2 + 5*n - 19. Let l be d(-8). Suppose 2*o + 5*i = -10, -3*o - l*i = o. Suppose -o*c + 297 = 6*c. Calculate the highest common factor of c and 243.
27
Let q = 192 - 134. Let x = q + -28. Calculate the highest common factor of 330 and x.
30
Suppose 48*k = 26*k + 462. Suppose x + 36 - 108 = 0. Let s = x + -51. Calculate the highest common factor of k and s.
21
Let d = 5640 + -5444. Suppose o = 29 - 1. What is the highest common factor of d and o?
28
Let q(y) = 6*y + 416. Let v be q(25). What is the greatest common factor of v and 13867?
283
Let w = 2407 + -2303. Calculate the highest common factor of 1368 and w.
8
Suppose 9*k - 536 - 841 = 0. What is the greatest common factor of k and 3519?
153
Let y = -20207 - -20747. What is the highest common factor of 510 and y?
30
Suppose -9*c = -4*c - a - 14937, 0 = -2*c - 3*a + 5985. Let n be (-1)/((-534)/c + 1/6). Calculate the greatest common factor of 913 and n.
83
Let p(u) = -5*u - 76. Let w be p(-14). Let t be w/(-45) - 268/(-15). Calculate the highest common divisor of 414 and t.
18
Let y = 545 - 115. Let x = 304 - y. Let p = 236 + x. Calculate the greatest common divisor of 10 and p.
10
Let j = 28245 - 28213. What is the greatest common factor of j and 1688?
8
Suppose -1291*q + 18123 - 1671 = -20987. Let u(j) = 103*j - 3. Let l be u(2). What is the greatest common factor of l and q?
29
Suppose x - 330 = -n + 6*x, 1782 = 5*n - 3*x. What is the highest common factor of n and 290?
10
Let z = 40 - 36. Suppose h - 2 = 3*h, -18 = -z*f - 2*h. Let i = 14 - f. Calculate the highest common divisor of 72 and i.
9
Let o = -2095 - -2098. Let y be (21/5)/((-1)/(-5)). Calculate the highest common factor of y and o.
3
Suppose 0 = -9*g + 6*g + 9, -3*g - 11 = -5*w. Let o be -27*w/12*2/(-9). What is the highest common divisor of 17 and o?
1
Suppose 6*g - 184 - 1040 = 0. Suppose -2*w = -5*l + l + g, -5*l + w = -255. Calculate the highest common divisor of 136 and l.
17
Suppose 0 = -2*m - 6 + 34. Let q(j) = 47*j**3 - 6*j - 46*j**3 + 9*j**2 + 3 - 1. Let h be q(-9). Calculate the greatest common divisor of h and m.
14
Suppose 419*u - 467*u = -30528. Calculate the greatest common divisor of 48 and u.
12
Let j be ((-11)/(-33))/((-4)/3858)*-2. Let f = -615 + j. What is the greatest common divisor of 70 and f?
14
Let q be 3*4 + 1 + 2. Let y be (-1 - -13) + (-149 - -143). Calculate the greatest common factor of y and q.
3
Let d be 195 - -16*10/20. Calculate the highest common factor of d and 493.
29
Suppose 5*q = 94*n - 91*n - 1182, 74*n + 4*q - 27628 = 0. Let f be 8*(33/(-2))/(-3). Calculate the highest common divisor of f and n.
22
Suppose -5*f + 85775 = 5*o, -5*o - 3*f + 14621 = -71156. Let v be 13/130 - o/(-40). Calculate the highest common factor of 78 and v.
39
Let i = 37 - 16. Suppose -310*t + 318*t = 8. Let c be t/2*(-17)/((-68)/24). What is the highest common divisor of c and i?
3
Let j be 130/(-40)*8*3/(-3). Calculate the greatest common divisor of 11518 and j.
26
Suppose -4*j + 956 = 5*g - 5121, 7*j = 5*g - 6154. What is the greatest common divisor of g and 44?
11
Let i(o) = o**3 - o**2 - o. Let y be i(0). Let d be y + 1384/10 + (-8)/20. What is the highest common factor of 46 and d?
46
Suppose -i - 165 = -11*i - i. Calculate the highest common factor of 235 and i.
5
Suppose -52*t + 54*t = -6, -2*z + 1167 = t. What is the highest common factor of 1300 and z?
65
Let t be (-10)/(-3) - 16/48. Suppose -2*n = -t*r - 45, -n + 0 = -4*r - 10. Suppose 12*x = 7*x + n. Calculate the greatest common factor of x and 30.
6
Suppose -4*c + 5*c - 2 = 0. Suppose 4*z = t - 22, -5*t + c*t + 4*z + 26 = 0. Let k be 0 + (t - -33*1). What is the greatest common divisor of 5 and k?
5
Suppose 0 = 4*f + 2*d - 0*d - 18, 3*d = -4*f + 13. Let z be (8632/(-5))/(-8) - (-18)/15. Calculate the greatest common divisor of z and f.
7
Let j = -33 - -24. Let y(o) = -o**2 - 11*o - 15. Let b be y(-9). Let z be j/(-27) - (-314)/b. Calculate the highest common divisor of 21 and z.
21
Suppose 3*c = -24, -11*v + 15*v - 4*c = 500. Let g(k) = k**3 - 3*k**2 - 5*k + 1. Let s be g(5). What is the highest common divisor of s and v?
13
Suppose 5*u - 3*x - 870 = 0, -3*u + 344 = -5*x - 194. Suppose -7*c + 2*y + 53 = 0, -3*c + 27 = -4*y + 20. Calculate the greatest common divisor of u and c.
9
Suppose 450 = -9*p + 1350. Suppose 4*o - 4 = 0, -4*o + 104 = -20*w + 24*w. What is the highest common factor of p and w?
25
Let b be (8/(-6))/(2/36). Let i = -1953 - -2023. Let t = i + b. What is the highest common divisor of t and 115?
23
Suppose 3*v + 27*l - 4155 - 3930 = 0, 3*v + 2*l - 8060 = 0. Calculate the greatest common factor of v and 306.
34
Let c(u) = -58*u**3 - u. Let o be c(1). Let k = -56 - o. Calculate the greatest common divisor of 5 and k.
1
Let w(q) = -59*q - 10. Let d be w(-3). Let h = -122 + d. Calculate the greatest common divisor of 5 and h.
5
Let l(g) = 8*g - 238. Let k be l(30). Suppose a + 10 = k*a. Suppose 3 = -3*h, 5*o - 3*o - 5*h - 185 = 0. Calculate the greatest common factor of o and a.
10
Suppose -32 = 15*y + 44 - 886. What is the greatest common divisor of 2682 and y?
18
Suppose 2*z + 21*o - 25*o - 1560 = 0, -z + 3*o + 777 = 0. Suppose 4*r - 474 = z. What is the highest common factor of r and 21?
21
Suppose z + 10694 = 5*z + 2*y, -4*z + 10681 = 15*y. What is the highest common divisor of 56 and z?
14
Let d be (-3 + -3 + 6)*(-4)/(-8). Suppose d = 7*c + 5 - 47. Suppose c*r - 26 = -14. What is the greatest common divisor of r and 20?
2
Let r(z) = 3*z + 4 + 4 + 115*z**2 - 86*z**2 + 4*z. Let y be r(8). Let o be (y/45)/((-4)/(-6)). Calculate the highest common factor of o and 160.
32
Let f be (36/(-10))/((-10311)/3430 + 3). What is the greatest common divisor of f and 24?
12
Let p be -12*((-95)/15 - -6). Suppose 0 = -q + 4*y + 6, q - p*y + 5*y = 21. What is the highest common factor of q and 153?
9
Let s be 8 + (-108)